digit of (-11)/(66/12) - g?
6
Suppose -o = 26 + 43. Let h = 66 + o. What is the units digit of ((-80)/h)/((-4)/(-12))?
0
Let l = 20379 - -18419. What is the hundreds digit of l?
7
Let p = 19732 - 8695. What is the tens digit of p?
3
Suppose 0 = -27*w + 10335 + 16368. Let y = w - -332. What is the units digit of y?
1
Let f be (-512)/(-28) + (-6)/21. Suppose -f*g - 5*g = -69. What is the units digit of g?
3
What is the tens digit of (-40)/(-30) + 395628/36?
9
Let z(n) = n**3 + 9*n**2 + 12*n + 38. Let q be z(-8). Let o(x) = 4*x**3 - 3*x**2 - 4*x + 4. What is the hundreds digit of o(q)?
7
Let z = -57 + 58. Suppose q - 1 = -z. Suppose q = 3*n - 255 + 24. What is the tens digit of n?
7
Let f(r) = -7*r**3 + 12*r**2 + 11*r - 23. Let b(t) = 5*t**3 - 11*t**2 - 11*t + 24. Let x(w) = 4*b(w) + 3*f(w). What is the units digit of x(-10)?
7
Let l(g) = g**2 - 187*g + 1319. What is the tens digit of l(-84)?
8
Suppose -7*q + 62235 = 4*m, -3*q + 4*m = 9*m - 26682. What is the units digit of q?
9
Let b = 3584 - 2211. What is the units digit of b?
3
Suppose -11*m + 128 = -3*m. Suppose 0 = -19*y + m*y + 93. Let c = 50 - y. What is the tens digit of c?
1
What is the units digit of (-34815)/6*66/(-33)?
5
Suppose -86*s + 28*s = -232290. What is the hundreds digit of s?
0
What is the units digit of 19622*(3/(-42))/(47/(-329))?
1
Suppose 4*u - 4*c = 9608, -1724 = -u - 4*c + 678. What is the units digit of u?
2
Suppose -3*f + 33195 = 2*b, 4*b - 71*f + 72*f - 66365 = 0. What is the ten thousands digit of b?
1
Let s = -3615 + 10779. What is the tens digit of s?
6
Suppose 5*t = d - 32200, -5*d - 5*t = -78532 - 82438. What is the ten thousands digit of d?
3
Suppose -2*w - w - 6 = 0, -3*z = -2*w - 229. Let j = z + -18. What is the units digit of j?
7
Let f(s) = 6*s**3 - 33*s**2 + 7*s - 35. What is the units digit of f(19)?
9
Suppose 62 = 4*s + 54. Suppose s*j + 4*b - 2*b = 1236, -2*b = -2*j + 1216. Suppose j = 11*k + 173. What is the tens digit of k?
4
Let y(c) = c**2 - c - 3. Let m(d) = -d + 18. Let v be m(15). Let t be y(v). Suppose t*a + 301 = 5*x - 0*a, -4*x + 263 = 5*a. What is the tens digit of x?
6
Suppose 4*y - 530 = -3*v + 23, -v = -y - 168. What is the tens digit of v?
7
Let p = 236 + -222. Suppose 1242 = p*j + 4*j. What is the tens digit of j?
6
Let c = 6916 - 3150. What is the hundreds digit of c?
7
Let h = 6688 + 3937. What is the hundreds digit of h?
6
Let y = -339 - -242. Let v = y - -105. What is the units digit of (-8 + 4 - v)*-17?
4
Let f(n) = -n**3 + 51*n**2 + 70*n - 78. What is the tens digit of f(50)?
2
Suppose -2*w = 2*w - 16. Suppose -w*f = 2*t - 8, -3*f - 2*t + 4 = -0*t. Suppose -281 = -f*m - 41. What is the tens digit of m?
6
Let n(s) = -3*s - 21. Let g be n(-6). What is the hundreds digit of -1 - g - (-307 - -1 - -5)?
3
Suppose -m = -5*g - 122, 119 = m + 2*g + 11. Let s = 1026 + m. What is the hundreds digit of s?
1
Let w = -11304 + 22656. What is the units digit of w?
2
Suppose 6*q = 15*q - 149215 - 136148. What is the thousands digit of q?
1
Let j(p) = -p**2 + 22*p + 32. Let f be j(22). Suppose f = 5*o - 3*o. What is the tens digit of 80 - (-4)/o*-4?
7
Suppose 1556432 = 113*f - 24*f. What is the tens digit of f?
8
Let q(l) = -2*l**3 - 21*l**2 - 30*l - 163. What is the thousands digit of q(-14)?
1
Let l(q) = 12*q + 28. Let s be l(-6). What is the tens digit of 1*(1 + 78/(-4))*s?
1
Let u = -118 - -142. Suppose u*d - 20*d = -224. What is the units digit of d*(-15)/(-35)*-4?
6
Let d = 44 + -65. Let m be ((-54)/d)/((-2)/(-28)). Suppose -3 + m = 3*p. What is the tens digit of p?
1
Suppose 9*i - 1143 = 1530. Let c = i + -167. Suppose -2*o + c = -o - 2*q, 2*q + 634 = 5*o. What is the units digit of o?
6
Let w = 5809 - 3183. Suppose -w = -5*i - 17*n + 13*n, 0 = -2*i + n + 1053. What is the units digit of i?
6
Let m = -23 - -23. Suppose -5*n - y + 250 = m, 56 = 4*n + 4*y - 128. Let u = -26 + n. What is the tens digit of u?
2
Let f(r) = -14*r**3 + 28*r**2 - 40*r + 64. Let k(j) = -5*j**3 + 9*j**2 - 13*j + 22. Let l(v) = -3*f(v) + 8*k(v). What is the units digit of l(9)?
4
Let d be 6/(4 + -1)*94/(-4). Let q = d - -77. Suppose i + 2*i = q. What is the units digit of i?
0
Suppose 2*f = -2*v + 41910, 18*f - 83829 = -4*v + 15*f. What is the tens digit of v?
6
Let a(k) = k**3 - 9*k**2 + 4*k - 8. Let n be a(9). Let r be n/20 - 1 - (-23)/5. Let y = r + 32. What is the tens digit of y?
3
Let v = -4173 - -19424. What is the ten thousands digit of v?
1
Let m = 23 - 17. What is the units digit of (3376/(-48))/((-2)/m)?
1
Let l be (1 - (-6 + 9))*-4. Suppose -l + 176 = 7*y. What is the units digit of y?
4
Let d(p) = p**3 + 9*p**2 + p + 10. Suppose -14*a - 185 = -45. Let h be d(a). Let x = h + 173. What is the units digit of x?
3
Let r be (950/(-12) - -6)/((-2)/12). Suppose 2*d = 4*g + 301 + r, 735 = 2*d + g. What is the tens digit of d?
6
Suppose -5*j = 6*j - 26136. What is the tens digit of j?
7
Let a = 63 - 56. Let b(n) = -50*n**3 + 49*n**3 - 7 - 12*n - a*n**2 - 3*n. What is the tens digit of b(-6)?
4
Suppose -27*g + 68*g = -76*g + 1523457. What is the units digit of g?
1
Suppose 0 = -15*z + 7*z - 208. Let s = z + -107. Let l = -46 - s. What is the units digit of l?
7
Let i(t) = 3*t**3 - 17*t**2 + 3*t + 6. Let w = 3 - -5. Let o be i(w). Suppose -6*x + 896 = -o. What is the units digit of x?
9
Suppose -5 = -5*t, 20962 = 431*r - 429*r - 2*t. What is the tens digit of r?
8
Let x = 112531 - 54530. What is the thousands digit of x?
8
Suppose -58*t - 5*s - 7 = -55*t, s = 2*t + 9. What is the hundreds digit of 1472 + t + -6 + 4/(-2)?
4
What is the hundreds digit of (-2)/(-51) - (-3194836)/204 - (-1 + -7)?
6
Let r = 125 - 66. Let k = 64 - r. What is the units digit of k/1 + -1 + (1 - -2)?
7
Let v(f) = -54*f**3 + f. Let c be v(-1). Let w = c - 52. What is the units digit of 11/33*(326 + w)?
9
Suppose 28 = -3*r + 4*k, 0 = -k - 3*k + 4. What is the tens digit of ((-2742)/r)/((-42)/(-112))?
1
Let g(d) = -18*d - 9*d + 30*d + 208 + 3*d. What is the tens digit of g(-22)?
7
Suppose -39*r + 262923 - 24009 = 0. What is the tens digit of r?
2
Suppose 58752 = 120*q - 103*q. Suppose 16*m + q = 32*m. What is the hundreds digit of m?
2
Suppose -4*h + 8*h = 5*z + 201, 0 = 4*h - z - 181. Let l be 1 + -1*(h - -2). Let f = -35 - l. What is the tens digit of f?
1
Let i(a) = 97*a**2 + 203*a + 786. What is the hundreds digit of i(-4)?
5
Let v(z) = 4*z - 49. Let l be v(14). Let m(f) = f**3 - 8*f**2 + 12*f - 31. What is the units digit of m(l)?
4
Suppose -23*r - 377*r + 14661601 = -13229999. What is the tens digit of r?
2
Let i(a) = -31*a + 40. Let b = -65 - -55. Let z be i(b). Let t = -248 + z. What is the tens digit of t?
0
Suppose -3*m = -165 + 114. Suppose 1 = -16*c + m*c, 4*p - 1196 = -4*c. What is the hundreds digit of p?
2
Let q = 12 - 4. Suppose 2*v - q*v = 30. What is the units digit of (v/(-25))/((-1)/(-5)) + 176?
7
Let l(v) = -4563*v + 936. What is the hundreds digit of l(-4)?
1
Let c(g) = -5*g**3 - 46*g**2 - 20*g + 28. What is the hundreds digit of c(-16)?
0
Let y(j) = -9*j + 0*j + 6*j - j. Let f be y(-16). Suppose -6*w = -f - 290. What is the units digit of w?
9
Suppose 5*l + 2034 = 2*i, i - 62*l = -63*l + 1038. What is the units digit of i?
2
Let u = 94 + -31. Suppose u = 4*c - r + 6*r, -3*c = -r - 33. What is the units digit of c?
2
Let x = 581 - 578. What is the thousands digit of x/(-12)*59*-92?
1
Let i be ((-266)/(-6) + -1)*(3 - 6). Let j = i - -196. What is the units digit of j + 4 + (-4)/((-4)/(-3))?
7
Suppose 20 = -5*y + 10*y. Suppose -70 = -w - 4*f + 18, y*f - 180 = -2*w. What is the tens digit of w?
9
Let l = 87 + 159. Suppose -f + 169 = -l. What is the tens digit of f?
1
Suppose 8*w - 5*n = -35986 + 354950, -39848 = -w - 5*n. What is the hundreds digit of w?
8
Suppose 5*y - 4*a + 3*a - 24 = 0, 16 = -y - 5*a. Suppose 20 = y*j, -5*t - 3*j = j - 1350. Let i = t - 96. What is the tens digit of i?
7
Let j be 150/(-12)*108/15. Let l = -77 - j. What is the hundreds digit of 91*2 + (l - 18)?
1
Suppose 347 = 5*r - 693. Suppose -468*b = -154*b + 3140. Let a = b + r. What is the tens digit of a?
9
Let z(n) = -n**3 - 18*n**2 - 20*n - 36. Let r be z(-17). Let y(x) = x**2 - 17*x + 34. Let a be y(r). What is the tens digit of a/24 + 5646/36?
5
Let x(r) = -r**3 + r**2 + 6*r - 17. Let d be x(